at are the prime factors of 101214932?
2, 7, 13, 278063
List the prime factors of 4534536425.
5, 29, 6254533
What are the prime factors of 947895636?
2, 3, 19, 4157437
List the prime factors of 375086327.
7, 11, 41, 1543
What are the prime factors of 355543569?
3, 1087, 36343
List the prime factors of 19799345.
5, 3959869
What are the prime factors of 52959505?
5, 17, 419, 1487
List the prime factors of 1188552340.
2, 5, 59427617
List the prime factors of 442739794.
2, 7, 4517753
What are the prime factors of 3139815581?
7, 43, 1490183
List the prime factors of 55111653.
3, 6123517
What are the prime factors of 56924885?
5, 23, 277, 1787
What are the prime factors of 1530482360?
2, 5, 11, 313, 11113
List the prime factors of 5360389336.
2, 670048667
What are the prime factors of 70211664?
2, 3, 162527
What are the prime factors of 26352297?
3, 19, 17123
What are the prime factors of 367338194?
2, 183669097
List the prime factors of 662128423.
11, 60193493
List the prime factors of 547139838.
2, 3, 7, 2357, 5527
What are the prime factors of 1419025799?
1419025799
List the prime factors of 64931815.
5, 13, 998951
What are the prime factors of 1400948144?
2, 71, 787, 1567
What are the prime factors of 4267734360?
2, 3, 5, 35564453
What are the prime factors of 38710772?
2, 317, 30529
What are the prime factors of 4791866062?
2, 41, 499, 117109
List the prime factors of 36049450.
2, 5, 89, 8101
What are the prime factors of 71648675?
5, 7, 401, 1021
List the prime factors of 316607951.
11, 313, 91957
List the prime factors of 41264401.
41264401
List the prime factors of 369288953.
11, 33571723
List the prime factors of 1246150622.
2, 623075311
What are the prime factors of 98388004?
2, 11, 13, 19, 823
List the prime factors of 2224864488.
2, 3, 7, 11, 1203931
List the prime factors of 69895154.
2, 7, 4992511
List the prime factors of 38978416.
2, 17, 47, 3049
List the prime factors of 51796145.
5, 10359229
List the prime factors of 10524088.
2, 17, 77383
What are the prime factors of 45483959?
17, 2675527
List the prime factors of 1393442172.
2, 3, 1223, 31649
List the prime factors of 3426395868.
2, 3, 7, 13596809
List the prime factors of 144356374.
2, 29, 223, 11161
List the prime factors of 2124374461.
11, 23, 53, 158429
List the prime factors of 1259161228.
2, 13, 24214639
What are the prime factors of 287320945?
5, 19, 23, 131497
List the prime factors of 72253351.
72253351
What are the prime factors of 179089871?
907, 197453
List the prime factors of 402325701.
3, 134108567
What are the prime factors of 23396906?
2, 13, 899881
What are the prime factors of 329579648?
2, 41, 62801
What are the prime factors of 315643971?
3, 9743, 10799
What are the prime factors of 34203817?
34203817
List the prime factors of 94410602.
2, 11, 13, 29, 11383
List the prime factors of 3636014055.
3, 5, 29, 8358653
What are the prime factors of 107882600?
2, 5, 7, 263, 293
What are the prime factors of 59181198?
2, 3, 71, 138923
List the prime factors of 1206266442.
2, 3, 201044407
What are the prime factors of 47184969?
3, 13, 7159
What are the prime factors of 100210902?
2, 3, 11, 19, 157, 509
List the prime factors of 76216370.
2, 5, 71, 107347
What are the prime factors of 235551046?
2, 117775523
What are the prime factors of 642003978?
2, 3, 7, 11, 18047
List the prime factors of 79503770.
2, 5, 7950377
What are the prime factors of 503409099?
3, 71, 2363423
List the prime factors of 54017208.
2, 3, 7, 61, 251
What are the prime factors of 409913300?
2, 5, 4099133
What are the prime factors of 129534943?
1871, 69233
List the prime factors of 664112192.
2, 107, 96979
What are the prime factors of 242652904?
2, 13, 101, 1777
List the prime factors of 28597771.
28597771
What are the prime factors of 143891705?
5, 37, 83, 9371
What are the prime factors of 5801227?
5801227
List the prime factors of 168618559.
19, 8874661
List the prime factors of 2592867045.
3, 5, 1129, 153107
What are the prime factors of 309438046?
2, 17, 9101119
List the prime factors of 71481172.
2, 7, 29, 47, 1873
What are the prime factors of 6974098555?
5, 191, 263, 27767
List the prime factors of 126243631.
1543, 81817
What are the prime factors of 26983969?
47, 574127
What are the prime factors of 81192515?
5, 16238503
What are the prime factors of 182449578?
2, 3, 313, 97151
What are the prime factors of 73974895?
5, 2897, 5107
List the prime factors of 1285107256.
2, 19, 8454653
What are the prime factors of 7728626?
2, 3864313
What are the prime factors of 490267377?
3, 797, 22783
List the prime factors of 164140211.
2939, 55849
List the prime factors of 3366988413.
3, 1122329471
What are the prime factors of 990046274?
2, 7, 10102513
What are the prime factors of 2127762774?
2, 3, 37, 79, 1093
What are the prime factors of 1738488340?
2, 5, 17, 5113201
What are the prime factors of 751583677?
13, 57814129
What are the prime factors of 500851221?
3, 13, 31, 414269
What are the prime factors of 9531938?
2, 13, 28201
What are the prime factors of 784220445?
3, 5, 17427121
List the prime factors of 791543865.
3, 5, 7, 7538513
List the prime factors of 137948699.
7, 1063, 18539
What are the prime factors of 188054777?
188054777
List the prime factors of 174296558.
2, 87148279
List the prime factors of 222414757.
17, 2417, 5413
List the prime factors of 33184182.
2, 3, 5530697
What are the prime factors of 439336131?
3, 13, 11265029
What are the prime factors of 3702774002?
2, 23, 3931, 20477
What are the prime factors of 2876932843?
2876932843
What are the prime factors of 733534862?
2, 19, 107, 223, 809
List the prime factors of 948088179.
3, 35114377
List the prime factors of 36409646.
2, 7, 13, 28579
List the prime factors of 69142717.
7, 131, 75401
List the prime factors of 14223492.
2, 3, 17, 61, 127
List the prime factors of 476105836.
2, 71, 251, 6679
List the prime factors of 1989054958.
2, 11, 29, 397, 7853
List the prime factors of 353147473.
7, 41, 1230479
What are the prime factors of 21719592?
2, 3, 31, 37, 263
What are the prime factors of 1917359063?
229, 8372747
List the prime factors of 1244714819.
28961, 42979
List the prime factors of 465201961.
7, 59, 1126397
List the prime factors of 77978734.
2, 47, 829561
List the prime factors of 985154076.
2, 3, 1013533
List the prime factors of 42509055.
3, 5, 2833937
List the prime factors of 324529237.
4793, 67709
List the prime factors of 2784209653.
6101, 456353
What are the prime factors of 165651932?
2, 41412983
List the prime factors of 34409938.
2, 17, 31, 32647
What are the prime factors of 57459539?
6619, 8681
What are the prime factors of 18286298?
2, 29, 315281
List the prime factors of 128885095.
5, 25777019
What are the prime factors of 502686687?
3, 73, 349, 6577
What are the prime factors of 336034597?
17, 1531, 12911
What are the prime factors of 532563301?
17, 3343, 9371
What are the prime factors of 17421103?
7, 97, 25657
List the prime factors of 600291131.
11, 17, 3210113
List the prime factors of 5212789019.
4091, 1274209
List the prime factors of 599584430.
2, 5, 3671, 16333
What are the prime factors of 1394575650?
2, 3, 5, 13, 229, 347
List the prime factors of 75209483.
59, 1274737
List the prime factors of 661294954.
2, 677, 488401
What are the prime factors of 977524889?
11, 88865899
What are the prime factors of 1612890268?
2, 11, 43, 733, 1163
List the prime factors of 94859382.
2, 3, 15809897
What are the prime factors of 4708183058?
2, 331, 7112059
What are the prime factors of 250913775?
3, 5, 7, 73, 6547
What are the prime factors of 1646554?
2, 7, 13, 83, 109
List the prime factors of 3403682868.
2, 3, 2267, 125117
What are the prime factors of 290914790?
2, 5, 29091479
List the prime factors of 889135859.
889135859
What are the prime factors of 333664714?
2, 4639, 35963
What are the prime factors of 2598495338?
2, 1299247669
List the prime factors of 237522150.
2, 3, 5, 23, 53, 433
What are the prime factors of 2613188109?
3, 7, 47, 2647607
List the prime factors of 16976875.
5, 23, 1181
List the prime factors of 18584238.
2, 3, 53, 58441
List the prime factors of 1610859188.
2, 23, 17509339
List the prime factors of 31325278.
2, 29, 419, 1289
List the prime factors of 229931308.
2, 197